[INFO] fetching crate async_main 0.3.0...
[INFO] checking async_main-0.3.0 against master#e6e4f7ed1589e03bc2f6c5931c1a72e7947e8682 for beta-170-4
[INFO] extracting crate async_main 0.3.0 into /workspace/builds/worker-5-tc2/source
[INFO] validating manifest of crates.io crate async_main 0.3.0 on toolchain e6e4f7ed1589e03bc2f6c5931c1a72e7947e8682
[INFO] running `Command { std: CARGO_HOME="/workspace/cargo-home" RUSTUP_HOME="/workspace/rustup-home" "/workspace/cargo-home/bin/cargo" "+e6e4f7ed1589e03bc2f6c5931c1a72e7947e8682" "metadata" "--manifest-path" "Cargo.toml" "--no-deps", kill_on_drop: false }`
[INFO] started tweaking crates.io crate async_main 0.3.0
[INFO] finished tweaking crates.io crate async_main 0.3.0
[INFO] tweaked toml for crates.io crate async_main 0.3.0 written to /workspace/builds/worker-5-tc2/source/Cargo.toml
[INFO] crate crates.io crate async_main 0.3.0 already has a lockfile, it will not be regenerated
[INFO] running `Command { std: CARGO_HOME="/workspace/cargo-home" RUSTUP_HOME="/workspace/rustup-home" "/workspace/cargo-home/bin/cargo" "+e6e4f7ed1589e03bc2f6c5931c1a72e7947e8682" "fetch" "--manifest-path" "Cargo.toml", kill_on_drop: false }`
[INFO] running `Command { std: "docker" "create" "-v" "/var/lib/crater-agent-workspace/builds/worker-5-tc2/target:/opt/rustwide/target:rw,Z" "-v" "/var/lib/crater-agent-workspace/builds/worker-5-tc2/source:/opt/rustwide/workdir:ro,Z" "-v" "/var/lib/crater-agent-workspace/cargo-home:/opt/rustwide/cargo-home:ro,Z" "-v" "/var/lib/crater-agent-workspace/rustup-home:/opt/rustwide/rustup-home:ro,Z" "-e" "SOURCE_DIR=/opt/rustwide/workdir" "-e" "CARGO_TARGET_DIR=/opt/rustwide/target" "-e" "CARGO_HOME=/opt/rustwide/cargo-home" "-e" "RUSTUP_HOME=/opt/rustwide/rustup-home" "-w" "/opt/rustwide/workdir" "-m" "1610612736" "--user" "0:0" "--network" "none" "ghcr.io/rust-lang/crates-build-env/linux@sha256:19e73879b68f455e41552ea35293514db52ea292d993f571636dbffedb77a1ee" "/opt/rustwide/cargo-home/bin/cargo" "+e6e4f7ed1589e03bc2f6c5931c1a72e7947e8682" "metadata" "--no-deps" "--format-version=1", kill_on_drop: false }`
[INFO] [stdout] e5c5764e72f25073570f700bd05d1ad22455a82c4d2ac8e42a6b7fe4e810935c
[INFO] running `Command { std: "docker" "start" "-a" "e5c5764e72f25073570f700bd05d1ad22455a82c4d2ac8e42a6b7fe4e810935c", kill_on_drop: false }`
[INFO] running `Command { std: "docker" "inspect" "e5c5764e72f25073570f700bd05d1ad22455a82c4d2ac8e42a6b7fe4e810935c", kill_on_drop: false }`
[INFO] running `Command { std: "docker" "rm" "-f" "e5c5764e72f25073570f700bd05d1ad22455a82c4d2ac8e42a6b7fe4e810935c", kill_on_drop: false }`
[INFO] [stdout] e5c5764e72f25073570f700bd05d1ad22455a82c4d2ac8e42a6b7fe4e810935c
[INFO] running `Command { std: "docker" "create" "-v" "/var/lib/crater-agent-workspace/builds/worker-5-tc2/target:/opt/rustwide/target:rw,Z" "-v" "/var/lib/crater-agent-workspace/builds/worker-5-tc2/source:/opt/rustwide/workdir:ro,Z" "-v" "/var/lib/crater-agent-workspace/cargo-home:/opt/rustwide/cargo-home:ro,Z" "-v" "/var/lib/crater-agent-workspace/rustup-home:/opt/rustwide/rustup-home:ro,Z" "-e" "SOURCE_DIR=/opt/rustwide/workdir" "-e" "CARGO_TARGET_DIR=/opt/rustwide/target" "-e" "CARGO_INCREMENTAL=0" "-e" "RUST_BACKTRACE=full" "-e" "RUSTFLAGS=--cap-lints=forbid" "-e" "RUSTDOCFLAGS=--cap-lints=forbid" "-e" "CARGO_HOME=/opt/rustwide/cargo-home" "-e" "RUSTUP_HOME=/opt/rustwide/rustup-home" "-w" "/opt/rustwide/workdir" "-m" "1610612736" "--user" "0:0" "--network" "none" "ghcr.io/rust-lang/crates-build-env/linux@sha256:19e73879b68f455e41552ea35293514db52ea292d993f571636dbffedb77a1ee" "/opt/rustwide/cargo-home/bin/cargo" "+e6e4f7ed1589e03bc2f6c5931c1a72e7947e8682" "check" "--frozen" "--all" "--all-targets" "--message-format=json", kill_on_drop: false }`
[INFO] [stdout] 5de8b4b4d6991ad588aa55a675b44f8c2eb26a375115aa5744190a4256ef8b08
[INFO] running `Command { std: "docker" "start" "-a" "5de8b4b4d6991ad588aa55a675b44f8c2eb26a375115aa5744190a4256ef8b08", kill_on_drop: false }`
[INFO] [stderr]    Compiling async_main_macro v0.3.0
[INFO] [stderr]     Checking async_main v0.3.0 (/opt/rustwide/workdir)
[INFO] [stdout] error[E0583]: file not found for module `spawn`
[INFO] [stdout]   --> src/lib.rs:53:1
[INFO] [stdout]    |
[INFO] [stdout] 53 | mod spawn;
[INFO] [stdout]    | ^^^^^^^^^^
[INFO] [stdout]    |
[INFO] [stdout]    = help: to create the module `spawn`, create file "src/spawn.rs" or "src/spawn/mod.rs"
[INFO] [stdout] 
[INFO] [stdout] 
[INFO] [stdout] error[E0432]: unresolved import `self::spawn::LocalSpawner`
[INFO] [stdout]   --> src/lib.rs:57:9
[INFO] [stdout]    |
[INFO] [stdout] 57 | pub use self::spawn::LocalSpawner;
[INFO] [stdout]    |         ^^^^^^^^^^^^^^^^^^^^^^^^^ no `LocalSpawner` in `spawn`
[INFO] [stdout] 
[INFO] [stdout] 
[INFO] [stdout] error[E0583]: file not found for module `spawn`
[INFO] [stdout]   --> src/lib.rs:53:1
[INFO] [stdout]    |
[INFO] [stdout] 53 | mod spawn;
[INFO] [stdout]    | ^^^^^^^^^^
[INFO] [stdout]    |
[INFO] [stdout]    = help: to create the module `spawn`, create file "src/spawn.rs" or "src/spawn/mod.rs"
[INFO] [stdout] 
[INFO] [stdout] 
[INFO] [stdout] error: aborting due to 2 previous errors
[INFO] [stdout] 
[INFO] [stdout] 
[INFO] [stdout] Some errors have detailed explanations: E0432, E0583.
[INFO] [stdout] 
[INFO] [stdout] For more information about an error, try `rustc --explain E0432`.
[INFO] [stdout] 
[INFO] [stdout] error[E0432]: unresolved import `self::spawn::LocalSpawner`
[INFO] [stdout]   --> src/lib.rs:57:9
[INFO] [stdout]    |
[INFO] [stdout] 57 | pub use self::spawn::LocalSpawner;
[INFO] [stdout]    |         ^^^^^^^^^^^^^^^^^^^^^^^^^ no `LocalSpawner` in `spawn`
[INFO] [stdout] 
[INFO] [stdout] 
[INFO] [stderr] error: could not compile `async_main` (lib) due to 3 previous errors
[INFO] [stderr] warning: build failed, waiting for other jobs to finish...
[INFO] [stdout] error: aborting due to 2 previous errors
[INFO] [stdout] 
[INFO] [stdout] 
[INFO] [stdout] Some errors have detailed explanations: E0432, E0583.
[INFO] [stdout] 
[INFO] [stdout] For more information about an error, try `rustc --explain E0432`.
[INFO] [stdout] 
[INFO] [stderr] error: could not compile `async_main` (lib test) due to 3 previous errors
[INFO] running `Command { std: "docker" "inspect" "5de8b4b4d6991ad588aa55a675b44f8c2eb26a375115aa5744190a4256ef8b08", kill_on_drop: false }`
[INFO] running `Command { std: "docker" "rm" "-f" "5de8b4b4d6991ad588aa55a675b44f8c2eb26a375115aa5744190a4256ef8b08", kill_on_drop: false }`
[INFO] [stdout] 5de8b4b4d6991ad588aa55a675b44f8c2eb26a375115aa5744190a4256ef8b08
